9
Let n(f) = 20*f**2 + 4*f + 77. What are the prime factors of n(-9)?
11, 151
Let w(g) = -g - 25. Let k be (-2)/5*(-1 - -51). Let i be w(k). What are the prime factors of 36 + 20/i - -2?
2, 17
Let c(k) = -k**3 + 3*k**2 + 3. Let w be c(3). Let r(p) = 11*p + 12. List the prime factors of r(w).
3, 5
Let i(a) = 216*a**2 + 4*a - 4. What are the prime factors of i(1)?
2, 3
Let c(i) = -i**2 - 5*i - 5. Let n be c(-3). List the prime factors of (171/12)/(((-9)/(-96))/n).
2, 19
What are the prime factors of (42/(-56))/((-1)/244)?
3, 61
Suppose -7*u + 15 = -2*u, 5*l - 4*u = 25218. What are the prime factors of l?
2, 3, 29
Suppose 6*h + 3*f = 5*h + 1715, -1722 = -h + 4*f. List the prime factors of h.
2, 859
Suppose -6*b + 2*b + 2140 = 0. Suppose -b = -5*j - 2*u + 7*u, -3*j - 3*u + 327 = 0. What are the prime factors of j?
2, 3
List the prime factors of 16/(-10) - (-8824)/40.
3, 73
Suppose -6*s = -3235 - 1949. List the prime factors of s.
2, 3
Let v(t) = 9*t**3 - t**2 + 3*t - 13. List the prime factors of v(4).
13, 43
Suppose -5*x = -551 - 929. What are the prime factors of x?
2, 37
Suppose -11 = 10*k - 1. List the prime factors of k - 2 - -1*178.
5, 7
Let j(a) = -a**2 + 4*a + 5. Let r be j(4). Suppose 490 = r*s - m, -4*s + 0*m + 3*m = -392. List the prime factors of s.
2, 7
Let g = 13 + -23. Let s be ((-18)/15)/(4/g). Suppose -s*c + 54 = 9. List the prime factors of c.
3, 5
Suppose 4*u + 27*w = 24*w + 10813, -5*w + 15 = 0. What are the prime factors of u?
37, 73
Let v(s) = 8*s**2 - 16*s - 21. What are the prime factors of v(5)?
3, 11
Let r(l) = -7*l + 13 - 15 - l. What are the prime factors of r(-4)?
2, 3, 5
Suppose 0 = -5*d + 5*l + 2985, 4*d - 4*l - 2386 = -l. What are the prime factors of d?
5, 7, 17
Let s(c) = c**3 - 6*c**2 - 4*c - 6. Let l be s(7). List the prime factors of (111/l - -1)*5.
2, 3, 7
Suppose 3*f - 3*s = f + 1100, 2*f + 3*s = 1088. What are the prime factors of f/6 + (5 - 124/24)?
7, 13
Let t = -3521 - -5583. What are the prime factors of t?
2, 1031
Let s(c) = -c**2 - 1. Let l(f) = -5*f**2 + 9*f + 8. Let u(x) = l(x) - 4*s(x). Suppose -1 - 4 = -i - 4*d, -5*d = 4*i - 31. What are the prime factors of u(i)?
2, 3
What are the prime factors of 2/7 + (16092/(-14))/(-9)?
2
Suppose o - 1161 = -5*l, -4*l + 8*l - 3*o - 944 = 0. What are the prime factors of l?
233
List the prime factors of -6 + 141 + 1/(-1).
2, 67
Let f(y) = -y + 26. Let s be f(13). Let g(q) = q**3 - 13*q**2 - q + 18. What are the prime factors of g(s)?
5
Suppose 0*c + 4*c - 5*g - 3125 = 0, -c + g = -781. List the prime factors of c.
2, 3, 5, 13
Let d(w) be the third derivative of -1/2*w**3 + 0 + 1/120*w**6 + 0*w - 1/8*w**4 + w**2 - 1/10*w**5. What are the prime factors of d(7)?
5
Let b(x) = x**2 - 6*x + 19. Suppose 40 = 5*u - u. List the prime factors of b(u).
59
Let h = 48 + -44. Suppose -v + 454 = h*s - 2*v, 123 = s - 5*v. What are the prime factors of s?
113
Let h(w) = -2*w**2 - 2*w - 2. Let q be h(-4). Let k = 10 - q. What are the prime factors of k?
2, 3
Suppose o + 5 = 0, 2*a - 27 = 5*o - 2*o. Suppose -2 + a = 2*f. Suppose 0 = 7*v - f*v - 110. What are the prime factors of v?
2, 11
Let m(k) = k**3 - 2*k**2 - 406. Let c = 6 - 6. Let u be m(c). What are the prime factors of u/(-6) - 4/6?
67
Let d(n) = n**2 - 13*n + 25. What are the prime factors of d(-13)?
3, 11
Suppose -3*c = 4*c - 2639. Let s = -264 + c. List the prime factors of s.
113
Suppose 2*b = 18*n - 15*n + 3241, 3239 = 2*b - 5*n. What are the prime factors of b?
2, 811
Let n = 98 - 35. Let c = -26 + n. List the prime factors of c.
37
List the prime factors of ((-9)/(-18))/((-2)/(-7556)).
1889
Suppose -5*b - 2 = -2*l + 11, 10 = 2*l - 2*b. Let n(t) = 3*t**2 + 2*t - 1. Let g be n(-3). Let i = g + l. What are the prime factors of i?
2, 3
Suppose -174*a - 5100 = -184*a. What are the prime factors of a?
2, 3, 5, 17
Let r(t) = 2*t + 7. Let b(y) = y + 6. Let f(d) = 3*b(d) - 2*r(d). Let a be f(5). What are the prime factors of (-93)/(-12) - a/4?
2
Let j = -958 + 1536. List the prime factors of j.
2, 17
Suppose 10*x = 3*x + 77. Suppose 15 = x*k - 6*k. Suppose 4*a = k*a + 14. What are the prime factors of a?
2, 7
Let s = -36 + 34. Let f = s + 16. List the prime factors of f.
2, 7
Let d(j) = 12 - 15*j - 3*j**2 + 10*j**2 + 3*j - 8*j**2. List the prime factors of d(-11).
23
Let c be -3 - (-6 + -2 - -4). Let p be ((-31)/3)/(c/3). Let y = p + 43. List the prime factors of y.
2, 3
Suppose 5*i + 39 = -g, -i = -g + 11 - 2. What are the prime factors of (759/22)/((-6)/i)?
2, 23
Let d = -179 + 269. Suppose 2*z - 50 = 2*v + 3*v, -2*z + d = 5*v. What are the prime factors of z?
5, 7
Let z = -99 - -99. Suppose z*c - 296 = -4*c. List the prime factors of c.
2, 37
Suppose -2692 = -2*r - 2*j, 4*j + 3493 = 4*r - 1859. What are the prime factors of r?
2, 11, 61
Let j(o) = 8*o + 112. What are the prime factors of j(23)?
2, 37
Suppose 3*n - 12*n = 45. Let v be 6/2 + (-1580)/n. Suppose -z - t + 79 = -2*t, 4*z - t = v. List the prime factors of z.
2, 5
Suppose -22 = -3*f - 1. Let l = f + -4. Let w(s) = -s**3 + 3*s**2 + 2*s + 2. What are the prime factors of w(l)?
2
Let n(f) = f**2 + 2*f - 9. Let z be n(-4). Let h be -3 + 4 + z + 3. Suppose -3*r = -9, h*g - 5*r - 16 - 5 = 0. List the prime factors of g.
2, 3
Let d = -69 + 71. Suppose -d*h - 6 + 152 = 0. List the prime factors of h.
73
List the prime factors of -233*2/((-10)/5).
233
Suppose -6648 = -2*p - 2*t, 10*p - 3*t - 16644 = 5*p. List the prime factors of p.
3, 1109
Let m = -36 - -52. Suppose m = 4*z + 4*a, -2*z - a + 2*a - 7 = 0. Let v(j) = 16*j**2 - 3*j - 2. List the prime factors of v(z).
17
Let m be 168/90 + 4/30. Suppose -3*s + 7*s - m*b - 800 = 0, 2*b + 8 = 0. List the prime factors of s.
2, 3, 11
Let d = 68 + 108. What are the prime factors of d?
2, 11
Let u(o) = -o + 14. Let i be u(10). Suppose -2*v - i*h = -485 - 69, 0 = 4*v + 4*h - 1112. What are the prime factors of v?
3, 31
Let o = -87 - -96. Suppose -6*r = -o - 33. What are the prime factors of r?
7
Let n = -6423 + 10823. What are the prime factors of n?
2, 5, 11
List the prime factors of 9/(-2)*22/(-3).
3, 11
Suppose 34*k - 33*k + 4553 = 5*r, -2*r + 5*k + 1812 = 0. List the prime factors of r.
911
What are the prime factors of 1*(-2)/5 + (-68952)/(-130)?
2, 5, 53
Suppose -540*a + 520*a = -44620. What are the prime factors of a?
23, 97
Suppose -5 = -y - m, y - 12 = -4*m + 5. Suppose -2*h - 4*f = -32, y = f + 2. List the prime factors of h.
2, 3
Let f(o) = 6*o**3 - 9*o**2 + 8*o. List the prime factors of f(5).
5, 113
Suppose m = -88 - 89. Let q = -92 - m. List the prime factors of q.
5, 17
Suppose 4*b + t = 11, 2*t - t = 5*b - 16. Suppose j + b*f = 18 - 1, 5*j + 3*f - 25 = 0. Suppose -j*l = -0*l - 44. What are the prime factors of l?
2, 11
Let z(l) = 2*l - 2. Suppose 4*v - 3*v + 2 = 0. Let h be z(v). What are the prime factors of (11 - -1) + (-3 - h)?
3, 5
Let w(p) = 81*p**2 - 11*p + 31. List the prime factors of w(5).
3, 23, 29
Let p = 904 + -519. List the prime factors of p.
5, 7, 11
Suppose -2*n + 704 + 310 = 3*b, 1366 = 4*b - 2*n. Suppose 8*m = -b + 1708. List the prime factors of m.
3, 19
Suppose -16*y + 18*y = 8. Suppose 2*r = y*d - 401 - 63, d - 126 = -2*r. List the prime factors of d.
2, 59
Suppose -t = 3*t - 312. Suppose -o + 6*b - 2*b = 15, b - t = 3*o. List the prime factors of 6/27 + (-318)/o.
2, 3
Let q(t) = 47*t - 48. What are the prime factors of q(11)?
7, 67
Suppose 6*g + 3 = -33. What are the prime factors of (18/g - 0) + (-78)/(-1)?
3, 5
Suppose -q = -5*d - 10, -d = 2*q - 2*d - 2. Suppose m + q*m - 13 = 0. Let n = -7 + m. What are the prime factors of n?
2, 3
Suppose -180 = -11*u + 392. List the prime factors of u.
2, 13
Suppose 5*b - x - 74 = 0, 5*b - 3*x - 12 - 70 = 0. Let l be 10/(-35) - (-32)/b. Suppose 3*j - p - 47 = 0, -5*p + 1 = -j - l. List the prime factors of j.
17
What are the prime factors of (-1 - 2)*(-896)/84?
2
Suppose -5*l - 281 = -11. Let x = l - -141. Let k = x + -59. List the prime factors of k.
2, 7
Let v(a) = -a - 1. Let q be v(1). What are the prime factors of 5 + (q - -2) - -269?
2, 137
Suppose 2*b + 3*b = -5. Let i = b - -31. What are the prime factors of i?
2, 3, 5
Let p = 24 - 15. Let h = 74 + p. List the prime factors of h.
83
Suppose -13*r + 2111 = -13983. List the prime factors of r